git of m(5)?
9
Let c(g) = 0*g**3 + 7*g**2 + 6*g + 0*g**2 - g**3. What is the tens digit of c(7)?
4
Suppose 4*v + v - 70 = 0. What is the tens digit of v?
1
Let k(v) = v**3 + 4*v**2 - 2*v - 3. What is the units digit of k(-4)?
5
Suppose 459 = 3*n + 186. What is the tens digit of n?
9
Suppose -8*i + 33 + 63 = 0. What is the units digit of i?
2
Let o = 56 - 42. What is the units digit of o?
4
What is the units digit of (0 - 1)/((-1)/36)?
6
Let u(d) = 44*d**2 + 7*d + 1. What is the hundreds digit of u(2)?
1
Let z = -6 + 2. Let s(k) = -4*k + 5. Let o(i) = 2*i - 2. Let y(l) = -5*o(l) - 2*s(l). What is the units digit of y(z)?
8
Let j(n) = 3*n**2 + 4*n - 1. What is the tens digit of j(-4)?
3
Suppose -4*p - 20 = 3*s, -s + 0*p + 3*p = -15. Suppose s*w + w - 10 = 0. Suppose 0 = -6*z + z - d + 13, 0 = -2*z - 2*d + w. What is the units digit of z?
2
Let a be 230/15 - (-2)/3. Suppose 5*x - 3*u = a + 16, 4*u = -2*x + 18. What is the units digit of x?
7
Suppose -3*o - o + b + 369 = 0, -3*b + 9 = 0. What is the units digit of o?
3
Suppose -3*h = 4*n - 67, 0*n + n - 85 = -4*h. Let v = -15 + h. What is the units digit of v?
6
Let j = 4 + -10. What is the units digit of -6*((-2)/j - 1)?
4
Let k(d) = -3*d**3 - d**2 + 2*d - 1. Let a be k(1). Let y = 13 - 24. What is the tens digit of -2*a/((-6)/y)?
1
Let k = 15 - 20. Let w(t) = 2*t**2 - 4 - 3*t**2 - 7*t + 0*t**2. What is the units digit of w(k)?
6
Let i be 0/(-1) + 1 + 1. Suppose p - 3*s = 17, -24 + 161 = 5*p - i*s. What is the tens digit of p?
2
Let h = 166 - 15. What is the units digit of h?
1
What is the units digit of (-10)/15 + 69/9?
7
Let d(l) = -3*l - 7. Let q be d(-7). Let k be -3 + (-2)/((-4)/q). Suppose 3*o - 27 = -s, -2*o + k = -2*s - 2*s. What is the units digit of o?
8
Let u(g) = 2*g**3 - 4*g**2 + 4. Let w be u(4). Suppose 5*t - 6*s = -s + 55, 0 = -4*t - 2*s + w. What is the tens digit of t?
1
Let i(v) = -8*v + 180. What is the hundreds digit of i(0)?
1
Let j be 2/((-6)/9) + -2. Let v(a) = a**2 + a - 2. What is the units digit of v(j)?
8
Let h(a) = 8*a**3 + a**2 - 2*a + 1. Let l = 4 - 2. Let n = l + -1. What is the units digit of h(n)?
8
Suppose 154 = -2*y - 2*h, -4*h + 320 = -4*y - 5*h. Let l = -56 - y. What is the units digit of l?
5
Let y be 0*((-8)/(-3) - 3). Suppose -2*a + y*a = -16. What is the units digit of a?
8
Let m(o) = o**3 + 9*o**2 + 5*o + 20. Suppose -42 + 10 = 4*b. What is the units digit of m(b)?
4
Let q = -11 - 1. Let o(z) = -z**3 - 13*z**2 - 13*z. What is the units digit of o(q)?
2
Let b(n) = -n**2 - 7*n - 4. Let z be b(-6). Suppose -4*o = -0*t - 5*t - 117, 2*o - z*t = 56. What is the tens digit of o?
2
Suppose 2*q - 14 = y + 2*y, -12 = -2*q + 2*y. What is the units digit of (5 - 3)*26/q?
3
Let t(i) = -i**3 - 4*i**2 + 5*i - 4. What is the tens digit of t(-6)?
3
What is the hundreds digit of (447/6)/((-4)/(-8))?
1
Let r(y) = 11 + 3*y**2 - 4*y**2 - 15*y - 3*y. What is the units digit of r(-15)?
6
Let k = 3 - 0. Let u(q) = 9*q**2 - 4*q + 2. Let z be u(2). Suppose 2*n - k*f = z + 15, -4*n + 3*f = -75. What is the tens digit of n?
1
Let v(m) be the first derivative of -m**3/3 - 11*m**2/2 - 9*m - 2. What is the units digit of v(-10)?
1
Let r = -51 - -82. What is the units digit of r?
1
Suppose -5*g = 0, -2*c - 3*g - 3 = -7. Suppose 0 = l + c*l - 51. What is the tens digit of l?
1
Let n(i) = -3 + 5 + 2*i + 0. Let u(b) = b - 1. Let z be u(5). What is the units digit of n(z)?
0
Let m = 25 + -18. What is the units digit of m?
7
Let j(t) = -2*t**2 - 15*t - 4. What is the units digit of j(-7)?
3
Let a(y) = 0*y - 2*y + 0*y. Let k(t) = -t + 6. Let c be k(7). What is the units digit of a(c)?
2
Let b be 3/(-5) + 284/(-10). Let r = 74 + -33. Let v = b + r. What is the units digit of v?
2
Suppose -5*l - 3*q + 13 = 0, 3*l + 2*q - 5 = 2. Suppose -53 - 17 = -l*r. What is the units digit of r?
4
Suppose -79 = -5*s + h, 0 = -3*s - h - 3*h + 52. Suppose w - s = -w. What is the units digit of w?
8
Suppose -2*j = -5*j. Suppose 0 = -m - 4 - 0. Let y = j - m. What is the units digit of y?
4
Suppose -33 = -3*n + 3*k, 2*n = -8*k + 3*k + 1. Suppose 0 = 3*t - 2*t + 5*s - 22, 0 = -2*s + n. What is the units digit of t?
2
Suppose -l + 12 = 2*z - 0*z, -4*z + 5*l + 24 = 0. Suppose m + m = z. Let w = 9 - m. What is the units digit of w?
6
Suppose 80 = 4*g - 80. Let h = -3 + 1. What is the tens digit of (g/15)/(h/(-12))?
1
Let l(t) = 109*t**2 + 3*t + 1. What is the hundreds digit of l(-1)?
1
Suppose 10 + 6 = -4*r, -4*d - 3*r - 36 = 0. Let g = 14 + d. What is the units digit of g?
8
Let n be (2 - -2) + 3 + 0. Suppose 0 = 2*q - n*q + 15. Suppose -k = j + j - 20, q*k - 2*j = 20. What is the tens digit of k?
1
Suppose -7 = -z - 2*q, 2*z - 13 + 0 = -5*q. Let f be 6/z + 30/9. Suppose 0 = p + 5*l + 20, 3*l = -9*p + f*p + 10. What is the units digit of p?
5
Suppose 3*f = -2*f + 55. What is the units digit of 3*(-3 + f/3)?
2
Suppose -2*s - x + 111 = 0, -2*s + x = 4*x - 117. What is the units digit of s?
4
Let c(p) = p**2 + p + 7. What is the tens digit of c(7)?
6
Let s = -10 + 60. What is the tens digit of s?
5
Let d = 61 - 15. Suppose 6*k = 4*k + d. What is the tens digit of k?
2
What is the tens digit of 2/10 + 420/25?
1
Suppose 4*h + 182 = 6*b - 4*b, 0 = 2*b - 3*h - 177. What is the units digit of b?
1
Suppose 36 = -w + 4*d, 6*d = -w + 3*d - 15. Let l be (-74)/8 + (-6)/w. Let h = l - -18. What is the units digit of h?
9
Let u(r) = 3*r**2 - 18*r - 8. What is the tens digit of u(8)?
4
Suppose 70 = -3*k + 5*k - 2*v, 175 = 5*k - 4*v. Let w be (0 - (-1)/2)*0. Suppose 0 = -5*o + 2*t + k + 5, 2*t = w. What is the units digit of o?
8
What is the tens digit of 1/1 + (-4 - -75)?
7
Let i be 26/8 + (-7)/28. Suppose 4*t + r - 16 = 0, -8 = -2*t - i*r + 2*r. What is the units digit of t?
4
Suppose -21 = 4*g - 1. Let k(d) = 2*d - 9. Let t(s) = 3*s - 17. Let r(u) = -7*k(u) + 4*t(u). What is the units digit of r(g)?
5
Let b = 17 + -10. Suppose b = -3*i + 5*j, 5*j - 1 - 12 = 2*i. What is the units digit of i?
6
Let g(o) be the first derivative of 3*o**3 - 7*o**2/2 - 2*o - 2. Let h(p) = -5*p**2 + 3*p + 1. Let f(a) = -3*g(a) - 7*h(a). What is the units digit of f(-1)?
7
Suppose -4*q = -2*r - 18, 0 = -r + 2*r - q + 5. Let h be -2*r/(-4)*-4. Suppose -n - 2*g + 6 = 0, -h*n + 5*g = -n + 8. What is the units digit of n?
2
Suppose 5*p = 3*r + 153, 0*r = -p + 4*r + 34. What is the tens digit of p?
3
Suppose -3*l + 0 = -3, -l = 2*g - 105. What is the tens digit of g?
5
Let q(n) = -4*n - 9. Let k be q(-7). Let b = 37 - k. What is the units digit of b?
8
Let j = 2 + 310. What is the units digit of j?
2
Let z(s) be the third derivative of -s**6/120 - s**5/15 + s**4/8 + s**3 - s**2. Suppose -f - m - 29 = 4*f, 0 = -2*m - 8. What is the units digit of z(f)?
6
Let d(y) be the third derivative of -2/15*y**5 + 1/120*y**6 - 1/3*y**3 + 0*y + 0 + y**2 + 3/8*y**4. What is the units digit of d(7)?
2
Suppose -2*k - 3*k = -240. Suppose -1 = -s - 5, -5*s - k = -2*q. What is the units digit of q?
4
Let g = -47 - -52. What is the units digit of g?
5
Let o(f) = f**3 - 4*f**2 + f - 5. Let i be o(4). Let q be (i + -1)/2 - 5. Let c = 14 + q. What is the units digit of c?
8
Let p(d) = -4*d**2 + 7*d - 9. Let k(v) = -5*v**2 + 7*v - 10. Let b be ((-2)/2)/(1/(-4)). Let s(n) = b*p(n) - 3*k(n). What is the units digit of s(4)?
6
Suppose -b + 5*o + 15 = 4*b, 0 = 4*b - 5*o - 15. Let g = 19 - b. What is the units digit of g?
9
Suppose 3*u - 30 = -3*i, i + 0*i + 4 = u. Let a be (-4)/6 - (-26)/(-6). Let y = u - a. What is the tens digit of y?
1
Suppose -3*t = -5*t + 216. What is the hundreds digit of t?
1
Let x(g) = g**2 - 14*g + 4. Let i be x(14). Suppose -5*w + 12 = i*p - 47, 0 = 2*w + 4*p - 14. What is the units digit of w?
5
Let o = 3 - 0. Let n be 0/((-3)/o + 2). Suppose n = 3*t - 12 + 3. What is the units digit of t?
3
Let p = 152 - 126. What is the tens digit of p?
2
Let q be (34/(-4))/((-4)/24). Suppose 0 = -3*a - 0 + q. Suppose -a = -4*t + s, t + 0*t + 17 = -4*s. What is the units digit of t?
3
Let h = 196 - 64. Suppose -4*l = -8*l + h. What is the units digit of l?
3
What is the tens digit of -2 - (-1)/(2/36)?
1
Suppose 4*w - 24 - 4 = 0. Let q = w + 3. What is the tens digit of q?
1
Suppose 46*x - 676 = 42*x. What is the units digit of x?
9
Suppose -15 = s - 58. What is the 